ppose n = 2 + 1. Suppose y - 6 = -n*x. List the prime factors of x.
2
Let k be 2*((-2)/(-4) + -2). What are the prime factors of ((-39)/k)/(-1 + 2)?
13
Let h = -2 + 12. Let i = h - 5. Suppose i*x = -20, 2*s - 5*x = 4*s. What are the prime factors of s?
2, 5
Let l = -3 + 5. Suppose 5*t + 4*v - 19 = 26, 11 = l*t + 3*v. What are the prime factors of t?
13
Let m(v) = 3*v**2 - 2 - 5*v**2 + 2*v - 2*v**2. Let g be m(-4). What are the prime factors of 8/(-36) - g/9?
2
Let u(t) = 8*t - 4. Let v be u(-3). Let p be (-120)/v + (-4)/14. Suppose -5*l - 4*o + 11 = -37, -l = -p*o. List the prime factors of l.
2
Let v be (-15 + -1)/(-2 - 0). Let d(t) = 3*t + 1 + t - t**3 - 2*t + 8*t**2. What are the prime factors of d(v)?
17
Suppose -2*f - 2*r + 275 = 97, -490 = -5*f + 4*r. What are the prime factors of f?
2, 47
Let k = -6 + 5. What are the prime factors of k*6/2 - -35?
2
Suppose -601 = -3*j - 1. List the prime factors of j.
2, 5
Suppose 4*n + 2*m - 51 = 3*m, -22 = -2*n + 4*m. What are the prime factors of n?
13
What are the prime factors of (40/50)/((-1)/(-15))?
2, 3
Suppose 0 = -5*q + w + 68, 2*q = q + 2*w + 10. What are the prime factors of q?
2, 7
Let l be 2 + 3/(3/(-13)). What are the prime factors of (-5 - l) + 2*-1?
2
Let i(a) be the first derivative of -a**2/2 + 2. Let b be i(0). Let g = b + 3. List the prime factors of g.
3
Suppose -7*c + 5*c = -124. What are the prime factors of c?
2, 31
Let y(g) = -12*g - 7. What are the prime factors of y(-4)?
41
Suppose -2*f - 4*t = -5*f + 322, -4*t = 4. What are the prime factors of f?
2, 53
Suppose -r - 2*m + 105 = 0, -8*r + 3*r - 5*m + 540 = 0. What are the prime factors of r?
3, 37
Suppose f - 2 = -1, -5*g + 2*f = -18. Let m be 0/(-1) + -1 + g. List the prime factors of m + 4 - 4/(-2).
3
Let r = 23 + 23. What are the prime factors of r?
2, 23
Let j(a) = -a - 8. Suppose c - 14 = v + 3*c, c = 2*v + 13. Let h = -6 + v. List the prime factors of j(h).
2, 3
Let j = 21 + -13. Let q(t) = t - 10. Let c be q(j). List the prime factors of 12 + (c - -2)/(-3).
2, 3
Suppose -5*h + 108 = -h. Let k be (-2)/8 + h/12. Suppose -3*a - 2*z + 17 = 2*a, 5*a - k*z = 33. What are the prime factors of a?
5
Let y be ((-7)/(-2) + -2)*2. Suppose 9 = b - y*q, -q + 10 = 4*b - 0*b. Suppose -1 = -s + b. List the prime factors of s.
2
Suppose 0*n + 3*n = 0. Suppose -4*x - x + 10 = n. Suppose -4*g + 2*r + 58 = 0, -27 = -g + x*r - 5. What are the prime factors of g?
2, 3
Let c(r) = -r**3 + 5*r**2 + 9*r - 1. Let t be c(6). Suppose -2*u + u = -3*m + t, 3*m + 5*u - 5 = 0. What are the prime factors of m?
5
Suppose -4*k + 4*u = -468, 603 = 7*k - 2*k + u. List the prime factors of k.
2, 3, 5
Let y(i) = 6*i**2 - i + 5. Let s be y(3). Suppose 4*l = 76 + s. List the prime factors of l.
3, 11
Let w(n) = n**2 + 14*n - 10. What are the prime factors of w(-15)?
5
Let i be (-2)/(5 - 3) + 6. Let t be 1 + i + 2 + -3. Suppose t*a - 33 = 2*a. List the prime factors of a.
11
Let d(s) = 8*s**2 - s - 25. What are the prime factors of d(5)?
2, 5, 17
Suppose -4*i + 1673 = 3*i. List the prime factors of i.
239
Let u = 22 + 6. List the prime factors of u - -2*2/4.
29
Let n(l) be the third derivative of l**4/24 - l**3/6 - 4*l**2. List the prime factors of n(9).
2
Suppose 0 = 3*k + q - 344, -7 - 5 = 3*q. What are the prime factors of (-2 + k/(-12))*-3?
5, 7
Let c(o) = -5*o**2 + o - 2. Let p(z) = 4*z**2 - z + 2. Let q(r) = 3*c(r) + 4*p(r). Let f be (-1 + -4)*(-6)/10. What are the prime factors of q(f)?
2
Suppose -4*i + 3*i = -51. List the prime factors of i.
3, 17
Let y(j) = -j**3 - j**2 - 4*j - 9. Let q(u) = -u**3 + u**2 - 1. Let f(b) = -2*q(b) + y(b). List the prime factors of f(5).
23
Suppose 4*n - 35 = 9. Suppose -k - 64 = -5*z, -5 - n = 4*k. List the prime factors of z.
2, 3
Let u(r) = 7*r + 1. Let x be 2/4 + (-3)/6. Let g = x + 1. What are the prime factors of u(g)?
2
Let i(v) = v**3 + 12*v**2 + 10*v - 9. What are the prime factors of i(-11)?
2
Let d(s) = s**3 + 2*s**2 - s. Let z be d(-2). List the prime factors of 3/z*(-44)/(-6).
11
Let o(j) = j**2 - 6*j + 6. Let w be o(6). Let t(q) = -q**3 + 5*q**2 + 8*q - 2. What are the prime factors of t(w)?
2, 5
Suppose -c = 2 + 2. Let u = 18 + c. List the prime factors of u.
2, 7
Let q(d) = -d**2 + 12*d - 13. Let z be q(11). What are the prime factors of ((-12)/(-2))/(z + 4)?
3
Suppose 3*w = -2*w + 150. What are the prime factors of w?
2, 3, 5
Let r(q) = 2*q**3 - 13*q**2 + q + 1. Let p(z) = -z**3 + 7*z**2. Let s(h) = 5*p(h) + 3*r(h). Let g be s(3). Let v = 11 - g. List the prime factors of v.
2
List the prime factors of 14/(-49) - 107/(-7).
3, 5
Suppose 2*d + 5 + 5 = 0. Let h = d - -7. List the prime factors of h.
2
Let o(m) = -11*m + 8. Let p be o(5). List the prime factors of (5 + p)*(-4)/6.
2, 7
Suppose 0 = 7*y - 2*y + 130. Let z = y + 45. Suppose 3*w = -4*t + z, t + 0*t + 2 = 0. List the prime factors of w.
3
Let k(v) = v**3 + 7*v**2 - v - 3. Let o be (-96)/(-9) + (-3)/(-9). Suppose -3 = 2*i + o. List the prime factors of k(i).
2
Let f be 46*(2 - 5/2). Let h = f + 42. What are the prime factors of h?
19
Suppose 0 = 6*d + 1 - 13. Suppose 3*k + 3*m = 38 + 49, 0 = -d*k + 5*m + 23. What are the prime factors of k?
2, 3
Let g(y) be the third derivative of 5*y**4/8 - y**3/6 + 20*y**2. Suppose 11 = -x - f + 5*f, 13 = -2*x + 5*f. List the prime factors of g(x).
2, 7
List the prime factors of (-28)/(-8)*(0 - -2).
7
Let g = 125 - 83. Suppose -v - v = -g. What are the prime factors of v?
3, 7
Let z(k) = -k + 7. Suppose 3*l - 5*x + 3 = 0, -2*l = x - 7 - 4. List the prime factors of z(l).
3
Suppose 3*v + 2*m = 14, -2*v - 4 = -4*m + 8. Let o = 8 + v. List the prime factors of o*(-1 + (-39)/(-15)).
2
Let z be 24/20 - 1/5. Let f = z - -24. What are the prime factors of f?
5
Let o be (-1)/(-1)*1*2. Suppose 3*y - o = 1. Let m(n) = 7*n**2 - n + 1. List the prime factors of m(y).
7
Let b(q) = -q**3 + 2*q + 51. List the prime factors of b(0).
3, 17
Let h(i) = -31*i + 11. List the prime factors of h(-5).
2, 83
Suppose -3*d - 20 = -7*d, -4*g - d - 159 = 0. Let p = 68 + g. Let b = p + -19. List the prime factors of b.
2
Let f be 2/8*0 - -43. Let y = f - 9. What are the prime factors of y?
2, 17
Let k = 127 - 61. What are the prime factors of k?
2, 3, 11
Suppose 4*a = 26 + 102. Let l = 62 - a. List the prime factors of l.
2, 3, 5
Let y(l) = 2*l + 6. Let u(p) = -p - 2. Let g(x) = -17*u(x) - 6*y(x). Suppose -o + c - 2 = 0, c = 2 + 2. List the prime factors of g(o).
2
Suppose 280*w - 380 = 275*w. What are the prime factors of w?
2, 19
Suppose 5 - 13 = -2*p. Suppose 0*f = -p*y + f + 46, -5*f - 21 = -y. What are the prime factors of y?
11
Suppose 0 = 5*i - 10, -5*g + 4*i + 178 = -4*g. List the prime factors of g.
2, 3, 31
Suppose -6 = -5*n - 41. Suppose -4*w - 47 = 4*l - 7*l, 0 = -l - 4*w + 21. Let m = l + n. List the prime factors of m.
2, 5
Let o(d) = 3*d + 1. Let x be o(3). Let p = x + -1. List the prime factors of p.
3
Let h(f) = f**2 + 7*f - 3. Let q be h(-8). Suppose -2 = -q*g + 3. Let l = 3 - g. List the prime factors of l.
2
Suppose o = -4*o + 20. Let h = 2 + -2. Suppose -o*w + 0*w + 28 = h. What are the prime factors of w?
7
Let a = 60 - 22. What are the prime factors of a?
2, 19
Let h(j) = 9*j - 3. Let w(t) = -4*t + 1. Let r(l) = 2*h(l) + 5*w(l). What are the prime factors of r(-4)?
7
Suppose -m + 4*m - 2*d = 22, 4*m - 14 = -5*d. Let f = m + -4. List the prime factors of f.
2
Let f be 5*2*4/(-4). Let d = f + 23. What are the prime factors of d?
13
Let b(a) = -5*a + 49. List the prime factors of b(-15).
2, 31
Let t be ((-1)/4)/(1/(-20)). Suppose t*r + 14 = 49. List the prime factors of r.
7
Let f be (2 - -2)*(-10)/(-4). Let j = 16 - f. What are the prime factors of j?
2, 3
Suppose -2*z - 4 = 4*n - 156, -n + 3*z = -31. List the prime factors of n.
37
Let a = -5 - -11. Suppose 3*x - a = -30. What are the prime factors of (-2)/x + 94/8?
2, 3
Suppose 12 = s + 3*s. Suppose -i = -s*i. Suppose i = -4*y - 5*c + 11, y - 4*c + 5*c - 3 = 0. List the prime factors of y.
2
Suppose q + x + 110 = 0, -5*x + 6*x - 415 = 4*q. Let a = 148 + q. What are the prime factors of a?
43
What are the prime factors of -4 - 6*40/(-12)?
2
Let r(q) = -q**3 - 8*q**2 + 8*q - 12. Let s be r(-9). What are the prime factors of s*4/((-36)/87)?
29
Suppose 0 = 5*h - 57 - 93. 